)?
1
Suppose -33*f - 9 - 57 = 0. Let k(m) = 3*m**3 - m - 3. Let r(s) be the first derivative of s**4/4 - s - 1. Let p(z) = 3*k(z) - 8*r(z). What is p(f)?
-3
Let a(q) = -2*q**2 + 4*q + 5. Suppose -y - 4 = -36. Suppose -4*f - 10 = -5*s - 6*f, 3*s - y = 4*f. Calculate a(s).
-11
Let v = 8 - 4. Let w(f) be the third derivative of 0*f - 1/15*f**5 + 0 - 2*f**2 - 5/24*f**v + 0*f**3 + 1/120*f**6. Determine w(5).
0
Let o(l) = -81 - l**2 + 8*l + 79 + 2*l**2. What is o(-7)?
-9
Let m(u) = u**3 - 13*u**2 + 11*u + 8. Let h be m(12). Let d(b) be the first derivative of 2 - 5/2*b**2 + 5*b - 1/3*b**3. Calculate d(h).
9
Let j(i) = -i**3 - i**2 + 2*i - 2. Let d be (-13)/5 - 18/45. What is j(d)?
10
Let k(i) = i + 1. Suppose -5*m + 3*y + 36 = 0, -3*m = -m + y - 10. Let g = -5 + m. What is k(g)?
2
Let p(w) = 3*w - 4. Let z = 80 - 83. Calculate p(z).
-13
Let l(s) = -s + 1 + 2*s + 7*s - s. Let z(u) = u - 6. Let f be z(5). Determine l(f).
-6
Let n(i) be the second derivative of -i**5/20 + i**4/12 - 2*i**2 - 18*i. Calculate n(0).
-4
Let n(l) = -l**2 - 1. Let p(u) = u - u**2 - 9*u + u - 6*u - 12. Let h be p(-12). Give n(h).
-1
Let y(o) be the second derivative of -o**5/20 + o**4/3 - o**3/2 + o**2/2 - 3*o. Let h be y(2). Let a(n) = n**2 - 3*n - 1. Give a(h).
-1
Let u(q) be the first derivative of q**3/3 + 6*q + 10. Calculate u(0).
6
Let a(z) = -z + 2. Let s be a(2). Let q(t) = -6 - 4*t**2 + t**3 + s*t**3 - 2*t + 1. Determine q(4).
-13
Let g(u) = -u**2 - 3*u - 4. Let f be g(-3). Let n be f/(-10) + (-8)/20. Let r(o) = -o**3 - o**2 + o + 1. Calculate r(n).
1
Suppose -5*p = -n - 21, 5*p - 4*p + 2*n = 2. Let q be p + -2*2/4. Let s(x) = x + 0*x**q + 1 + x**2 + 2*x**2 - x**3. What is s(3)?
4
Let s(h) = 8*h**2 + 2*h + h**3 - 6*h - 9*h**2. Let l be s(3). Let a(z) be the third derivative of z**4/24 - 3*z**3/2 - z**2. Calculate a(l).
-3
Let c(n) = -6*n**2 - 2*n - 1. Let k(z) = z**2 - 4*z + 2. Let d be k(3). What is c(d)?
-5
Let n(d) be the first derivative of 1/3*d**3 + 1 + 7*d - 3*d**2. Suppose r - 2 = 3. Give n(r).
2
Let m be 65/(-10) + (-2)/(-4). Let c(z) be the first derivative of -z**4/4 - 5*z**3/3 + 3*z**2 + 4*z - 6. What is c(m)?
4
Let x(q) = 6*q**2 + 1. Let o = 5 + -12. Let s(j) = j**3 + 6*j**2 - 7*j + 1. Let d be s(o). What is x(d)?
7
Let h(k) = k - 3. Let l(q) = 1. Let n(w) = -h(w) + 3*l(w). Let m = 6 - 9. Let o = m - -8. Determine n(o).
1
Let x(h) be the first derivative of -h**3/3 + 5*h**2/2 + 3*h + 4. What is x(7)?
-11
Let a be (-1 + 2)/(1/4). Let z(s) = 2*s**2 - 4*s**2 - 4*s**2 + 3*s**2 + s**3 - a. What is z(3)?
-4
Suppose 12 = h + 2*j, 3*j - 4 = 2*j. Let p(d) = -3*d. Calculate p(h).
-12
Let t(s) = s - 4. Suppose 0 = 3*c + 3*r - 12, -2*r - 2*r = c - 4. Let d be t(c). Let u(p) = -p**2 - p + 2. Determine u(d).
2
Let c(v) = 2*v - 6. Let s(d) = 6*d**2 - d - 1. Let q be s(-1). Determine c(q).
6
Let b(a) be the second derivative of -a**5/20 - a**4/4 - a**3/2 + a**2/2 + 22*a. Give b(-3).
10
Let u(h) be the third derivative of h**5/60 + h**4/4 + h**3/3 - 11*h**2. Determine u(-5).
-3
Suppose -4*n = -4*w, -w + 16 = n + 2*w. Let f(x) = -8*x + 5. Give f(n).
-27
Let l(m) = -8*m - 4 + 11*m - 5*m. Let a(y) = y**2 - 4*y. Let o be a(3). Give l(o).
2
Let a(c) = c**2 + 4*c + 3. Let z be (2/3)/((-18)/(-81)). Let p = z + -5. Give a(p).
-1
Let q(g) = g**2 + g + 1. Let y be (-20)/(2 + 2) - 0/(-1). Give q(y).
21
Let o(q) = 0*q - q**3 + 1 + 4 + q + q**2. Suppose -3 = 3*b + 2*a - 0, 11 = 5*b - 2*a. Let y be b/(-2)*1*0. Calculate o(y).
5
Let k(u) be the second derivative of -u**5/20 - u**4/6 + u**3/3 + u**2/2 + 16*u. Let o = -2 + -1. Give k(o).
4
Suppose 0 = -v + 6*v - 20. Suppose v = -2*j - 2. Let f(c) = -2*c**2 - 4*c - 1. Calculate f(j).
-7
Let y(s) = 3*s**2 - 2*s + 1. Let h(c) = -c**3 - 6*c**2 - 2*c. Let b be h(-6). Let x = b - 11. Give y(x).
2
Suppose 0 = 2*y - o - 1, -2*y = -7*y - 4*o + 22. Suppose -m + 7 = y*m + 4*b, 0 = -2*m + 3*b + 16. Let r(t) = -t - t + m*t. Give r(1).
3
Let o(f) = 5 - 3 + 0*f - f. Let k(h) = -h - 1. Let m(g) = 2*k(g) - o(g). Calculate m(5).
-9
Suppose z = 17 - 18. Let u(r) = 4*r**3 - r**2 - 2*r - 1. Give u(z).
-4
Let z(w) = 2*w**3 + 3*w**2 + 3*w + 3. Suppose -4*x = d - 19, -6 = -4*d + 2*x + 142. Let q be ((-2)/(-5))/((-7)/d). Give z(q).
-7
Let p(t) = -11*t**2 - 2. Let w(a) = -6*a**2 + 1 - 3 + 1. Let h(s) = -4*p(s) + 7*w(s). Let q be h(1). Let o(b) = -b**2 + 2*b - 4. Calculate o(q).
-7
Let s(f) = 24*f - 7*f - 7*f - 4*f. Determine s(-3).
-18
Let k(f) = -7*f**3 + 1. Let c(w) = w**2 - 5*w - 7. Let l be c(6). What is k(l)?
8
Let n(q) be the second derivative of -q**4/12 + q**3/6 - 11*q**2/2 + 15*q. Give n(0).
-11
Let r(w) = w**3 + 4*w**2 - 8*w - 7. Suppose 4*d - 48 = 32. Suppose y + d = -3*y. Determine r(y).
8
Let k(g) be the second derivative of -g**5/20 + g**4/12 - g**3/6 + g**2/2 - 2*g. Let n(u) = -u**3 + 7*u**2 - 7*u + 7. Let w(i) = 6*k(i) - n(i). What is w(1)?
-6
Let h(q) = -1 + 3*q - 4 - 1. Let a(z) = 3*z - 17. Let s be a(7). Determine h(s).
6
Let x(z) = 4*z**3 - z**2 + 1. Suppose 3*k = 6*k + 6. Let p(y) = -y - 1. Let j be p(k). Let w = j - 2. Calculate x(w).
-4
Suppose -4*c + 1 + 0 = -d, -1 = d + c. Let p(k) = -7*k**3 + 3*k**2 - 4*k**2 - 1 + 2 + k. Determine p(d).
6
Suppose 3*c + 15 = 3, 2*b + 24 = -4*c. Let d(q) = 5 - 2*q - q**2 - 5*q + 5*q. Determine d(b).
-3
Let x(o) be the first derivative of o**4/4 + 2*o**3 + o**2/2 - 3*o + 7. What is x(-6)?
-9
Suppose 5 = 5*j + 35. Let s = j + 4. Let x(m) be the first derivative of m**3/3 + m**2/2 + 1. Give x(s).
2
Let v(f) = 2*f**3 + 4*f**2 + 4*f + 4. Let z(m) = m**3 + 3*m**2 + 3*m + 3. Let d(x) = -2*v(x) + 3*z(x). Let u be 1 + 0 - (1 + 1). What is d(u)?
2
Let h(z) be the second derivative of 5/2*z**2 + 0*z**3 - 2*z + 0 + 1/12*z**4. Give h(0).
5
Let z(c) = -3*c + 0*c + 7 + 0*c. Let s(i) = -4*i + 10. Let a(d) = -5*s(d) + 8*z(d). Calculate a(4).
-10
Let w = 12 - 8. Let i(h) = -3*h - 2 + 2 + 0*h + 6. Determine i(w).
-6
Suppose 5*t - 17 = 2*i - 0, 0 = -t - 3*i. Suppose 4*d = -2*f + 16, -3*d = -f - t - 4. Let o(z) = 5*z**2 - 3*z + 9*z - 6*z**f. What is o(3)?
9
Let d(o) = o**3 + 9*o**2 + o - 12. Let s be ((-2 - -5) + 0)*(-1 - 2). Give d(s).
-21
Let c be 1*(-8)/((-56)/49). Let g(i) = -i + 7. Let h(d) = 2*d - 14. Let x(p) = -5*g(p) - 2*h(p). Give x(c).
0
Let n(u) = -2*u**3 + u**2 + 12*u - 7. Let l(k) = -k**3 + k**2 + 6*k - 4. Let b(o) = 7*l(o) - 3*n(o). Give b(5).
-2
Suppose 0 = -b - 2*b + 69. Let h(g) = -g - b - 5*g**3 + 23. Calculate h(1).
-6
Let k(p) = p + 2. Let c = -10 + 19. Suppose s = j + 5, -4*s - 5 = -c*s + j. Let o be s/((-3)/((-6)/4)). Determine k(o).
2
Suppose 4*n - 1 = -5*r, -n + 2 + 5 = -r. Let a(o) = 21 + 9 - 34 - o. What is a(r)?
-1
Let j be ((-4)/6)/((-1)/9). Let q be 6/4 - j/(-12). Let k(b) = 23*b + 20. Let t(g) = -8*g - 7. Let p(c) = 6*k(c) + 17*t(c). Give p(q).
5
Suppose 2*k - 3*g + 2 = 5, 2*k - 23 = -g. Let h be -44*(k/4)/(-3). Suppose -2*z - 5*o + h = 0, -4*z - 3*o = o - 36. Let p(s) = 3*s - 5. Give p(z).
7
Let q(p) = p**3 + 5*p**2 + 4*p - 1. Suppose 0*t + 25 = 5*t - 2*z, -t - 4*z + 27 = 0. Let s = -10 + t. What is q(s)?
5
Let i(h) = 4*h**2 + 2*h - 1 + h**3 - 2*h**3 + h. Give i(4).
11
Let i(w) be the first derivative of 2 + 2*w - 1/2*w**2. Let n(z) = -z**2 + 6*z - 5. Let u be n(4). Give i(u).
-1
Let z(d) be the first derivative of d**4/4 - 4*d**3/3 - 3*d**2/2 + 2*d - 14. Give z(4).
-10
Let h = -19 + 25. Let o be (10/(-6))/((-2)/30). Suppose h*a - o = a. Let c(y) = -y**3 + 6*y**2 - 2*y - 5. Determine c(a).
10
Let c be (-2)/(-2)*(-3 + 3). Suppose 3*i = -c*i - 6. Let y = 1 + i. Let k(z) = -7*z**3 + z. Calculate k(y).
6
Let g(u) = u**2 + 3*u. Let v = 12 - 17. Let a be (0 + 3)/((77/14)/11). Let s be (v - 1)*3/a. What is g(s)?
0
Let d(i) = -i + 13. Suppose -3*l - l + 40 = 0. Let p be d(l). Let s(c) = 2*c. Calculate s(p).
6
Let p(k) be the first derivative of k**3/3 - 5*k**2/2 + 3*k + 1. Let f be (1008/30)/8 - 2/10. Calculate p(f).
-1
Let a(t) = 116*t**3 + 7 + 0*t - t - 7*t**2 - 115*t**3 - 4*t. Determine a(7).
-28
Let y be (-5)/5*(5 - 3). Let g(j) = -8*j - 2. What is g(y)?
14
Suppose -18 = -2*t + k, 4*t - 2*t + 4*k - 8 = 0. Let l = t + -5. Let y(o) = -2*o**2 + 3*o + 4. Calculate y(l).
-5
Let k(s) = -s**2 + 7*s + 14. Let o be k(9). Let n(h) = -h**2 - 6*h - 5. Give n(o).
3
Let a(n) = -6*n + 15. Let u(h) = -14. Let x